{"id":1051,"date":"2013-02-04T14:00:10","date_gmt":"2013-02-04T14:00:10","guid":{"rendered":"https:\/\/dedenbachsalazar.de\/?page_id=1051"},"modified":"2022-12-05T17:04:33","modified_gmt":"2022-12-05T16:04:33","slug":"home","status":"publish","type":"page","link":"https:\/\/dedenbachsalazar.de\/","title":{"rendered":"Home"},"content":{"rendered":"<p>Through this website I would like to give those interested in the Andean cultures, especially ethnohistorically and linguistically, an insight into my research.<br \/>\nTherefore, I present some ideas and results of my research which focuses on the language of Christianisation in colonial Peru.<br \/>\nIn\u00a0the\u00a0section\u00a0&#8216;About\u00a0me&#8217;\u00a0there\u00a0are\u00a0also\u00a0brief\u00a0descriptions\u00a0of\u00a0other\u00a0research\u00a0areas<br \/>\nI\u00a0have\u00a0been\u00a0working\u00a0on\u00a0as\u00a0well\u00a0as my\u00a0list\u00a0of publications.<\/p>\n<p style=\"text-align: left\">Mediante esta p\u00e1gina web quisiera dar a conocer a los que tienen inter\u00e9s en las culturas andinas, algunas ideas y resultados de mi investigaci\u00f3n que es principalmente de car\u00e1cter etnohist\u00f3rico y etnoling\u00fc\u00edstico.<br \/>\nPor eso presento algunas ideas y resultados de mi investigaci\u00f3n que se enfoca en la lengua de la cristianizaci\u00f3n del Per\u00fa colonial.<br \/>\nEn la secci\u00f3n &#8216;About me&#8217;\u00a0se encuentran breves descripciones de otras areas de mi investigaci\u00f3n as\u00ed como tambi\u00e9n una lista de mis publicaciones.<\/p>\n","protected":false},"excerpt":{"rendered":"<p>Through this website I would like to give those interested in the Andean cultures, especially ethnohistorically and linguistically, an insight into my research. Therefore, I present some ideas and results of my research which focuses on the language of Christianisation &hellip; <a href=\"https:\/\/dedenbachsalazar.de\/\">Continue reading <span class=\"meta-nav\">&rarr;<\/span><\/a><\/p>\n","protected":false},"author":2,"featured_media":0,"parent":0,"menu_order":0,"comment_status":"closed","ping_status":"closed","template":"sidebar-page.php","meta":{"footnotes":""},"_links":{"self":[{"href":"https:\/\/dedenbachsalazar.de\/index.php?rest_route=\/wp\/v2\/pages\/1051"}],"collection":[{"href":"https:\/\/dedenbachsalazar.de\/index.php?rest_route=\/wp\/v2\/pages"}],"about":[{"href":"https:\/\/dedenbachsalazar.de\/index.php?rest_route=\/wp\/v2\/types\/page"}],"author":[{"embeddable":true,"href":"https:\/\/dedenbachsalazar.de\/index.php?rest_route=\/wp\/v2\/users\/2"}],"replies":[{"embeddable":true,"href":"https:\/\/dedenbachsalazar.de\/index.php?rest_route=%2Fwp%2Fv2%2Fcomments&post=1051"}],"version-history":[{"count":3,"href":"https:\/\/dedenbachsalazar.de\/index.php?rest_route=\/wp\/v2\/pages\/1051\/revisions"}],"predecessor-version":[{"id":2180,"href":"https:\/\/dedenbachsalazar.de\/index.php?rest_route=\/wp\/v2\/pages\/1051\/revisions\/2180"}],"wp:attachment":[{"href":"https:\/\/dedenbachsalazar.de\/index.php?rest_route=%2Fwp%2Fv2%2Fmedia&parent=1051"}],"curies":[{"name":"wp","href":"https:\/\/api.w.org\/{rel}","templated":true}]}}